 common divisor of n and 6?
6
Suppose -2*l - 8 = 0, 7 = 2*o + 2*l - 21. Calculate the greatest common factor of 12 and o.
6
Suppose 1 + 207 = 8*k. Calculate the greatest common factor of 286 and k.
26
Suppose -2*s + 429 = s. Calculate the highest common divisor of s and 13.
13
Suppose 4*x - x + 4*t = 10, -t - 3 = -2*x. Calculate the highest common divisor of x and 10.
2
Suppose q + 4*t - 18 = 3*q, -q - 15 = -5*t. Let w = 11 + q. Suppose 0 = -2*z + w + 4. What is the highest common factor of 25 and z?
5
Let w(k) = -42*k + 29. Let y be w(-7). What is the highest common factor of 19 and y?
19
Let s = -121 - -238. Calculate the highest common divisor of 39 and s.
39
Suppose 3*j - 5*j = 12. Let y(i) = 6*i**2 + 8*i + 8. Let s be y(j). What is the highest common factor of 16 and s?
16
Let w be (-2 - -2)/3*1. Suppose w = -m + 3*m - 40. Calculate the highest common divisor of m and 60.
20
Let k = -25 + 27. What is the greatest common factor of k and 3?
1
Let x be ((-14)/(-10))/((-2)/(-10)). Let q = 13 - x. What is the greatest common factor of 4 and q?
2
Let s be (8/6)/((-4)/(-6)). Suppose -4*k + 160 = -s*k. What is the highest common factor of 10 and k?
10
Let o(n) = n**2 + 4*n - 2. Let w be o(-6). Suppose -a = -0*a - w. Suppose -l + 3*f = -5*l + 295, 2*f - a = 0. What is the highest common divisor of 28 and l?
14
Suppose -r + 3*r + s - 107 = 0, -r = 4*s - 64. Suppose -3*t - r = -2*i, 3*i + 2*i - 104 = t. What is the highest common factor of 10 and i?
10
Let o(j) = -j**3 - 4*j**2 - 3*j + 4. Let r be -1*(-4 + 3)*-4. Let f be o(r). What is the highest common factor of 176 and f?
16
Let l(y) = y + 1. Let f be l(4). Suppose 8 = -0*b + 5*b + 3*g, f*b - 5*g = 0. Suppose m + b = 14. What is the greatest common divisor of m and 52?
13
Let l(x) = -x**3 + 5*x**2 + 8*x - 10. Let u be l(6). Calculate the highest common divisor of 1 and u.
1
Let m be 2 - (0 + (0 - 2)). Suppose -f = -m, f = -0*o - 3*o + 121. Calculate the highest common factor of 13 and o.
13
Let a be (-2)/(-2 - -1) - -1. Let b be (3/2)/(a/(-4)). Let v be -1 + (-3 - b) + 8. Calculate the greatest common divisor of 42 and v.
6
Let v(m) = m**2 - 5*m + 5. Let w = 2 - 7. Let o be v(w). Suppose -7 = -2*z - 2*k - k, 5*z - 23 = -2*k. What is the highest common divisor of o and z?
5
Suppose -9 = -m - 2*m + 5*f, 3*m - 18 = 2*f. What is the highest common factor of 12 and m?
4
Let s = -84 - -104. Suppose 0 = n - 5*n - 5*o + 35, 4*n = -4*o + 32. Calculate the greatest common factor of n and s.
5
Let g be (-554)/(-22) - 2/11. What is the highest common divisor of 25 and g?
25
Let x be (2/(-1))/(2/(-4)). What is the greatest common factor of x and 1?
1
Suppose 10*y = 8*y + 310. What is the highest common divisor of y and 31?
31
Let v be (7104/33)/4 + 8/44. Calculate the highest common divisor of v and 81.
27
Let s(y) = 2*y + 2. Let x be s(-3). Let c be 12/(-2 - x) + -3. Suppose -5*m - u - u = -27, -m + 8 = c*u. What is the highest common factor of m and 35?
5
Suppose 0 = j - 14 - 10. Let m be (16/(-6))/(-4)*j. Let v be -12*(0 - (-2)/(-3)). Calculate the highest common divisor of m and v.
8
Let n(f) be the second derivative of 19*f**4/12 - f**3/3 + 3*f**2/2 + 3*f. Let j be n(2). What is the greatest common factor of 25 and j?
25
Suppose a - 5*i + 1 = 96, -134 = -2*a - 4*i. Suppose -2*f = -3*f + 15. What is the greatest common factor of f and a?
15
Suppose 5*i = -3*q + 44, 2*q = 4*i - 30 + 8. What is the greatest common factor of 7 and i?
7
Suppose 5*w - 91 = 9. Suppose 5*b = b - 4*f, -f + w = 5*b. What is the greatest common factor of 1 and b?
1
Let f(u) = -u**3 + 23*u**2 + 49*u + 41. Let c be f(25). Calculate the highest common divisor of 64 and c.
16
Let s(x) = 2*x - 5. Let p be s(5). Suppose 122*m - 75 = 117*m. Calculate the highest common factor of m and p.
5
Suppose d - 3*l + 671 = 6*d, 0 = -4*d + 2*l + 528. Let n(t) = t**2 + 3*t - 9. Let g be n(-7). Calculate the highest common factor of d and g.
19
Let m = 22 + -15. Let i = 27 - m. Suppose 0 = 5*k - i - 155. What is the highest common divisor of k and 5?
5
Let v be ((-1)/2)/((-9)/72). What is the highest common factor of 6 and v?
2
Suppose 3*z + 2*d - 378 = 0, 4*z = 2*z - 2*d + 252. Calculate the highest common divisor of z and 14.
14
Let c(l) = l**2 + 6*l + 7. Suppose 0 = -0*u + u + 6. Let i be c(u). Calculate the highest common factor of 49 and i.
7
Let z be (4/12)/((-3)/(-45)). What is the highest common factor of 10 and z?
5
Let j = 10 + 70. What is the greatest common divisor of j and 16?
16
Let u = -7 + 41. What is the highest common divisor of 238 and u?
34
Let a(k) = 6*k**2 + k**3 - k - k**2 - 2 + 0*k**3. Let d be a(-5). Calculate the highest common factor of d and 3.
3
Let t be (-10)/4 + 1/(-2). Let y = 8 + t. Suppose 7*b - 100 = 3*b. Calculate the greatest common factor of b and y.
5
Let h = -10 - -20. Calculate the highest common divisor of 10 and h.
10
Suppose 5*g - 737 = 88. Suppose h - 3 = 0, -2*h - 3*h - g = -4*m. Calculate the greatest common factor of m and 9.
9
Let c = -5 - -10. Suppose 312 = -4*i + 7*i. Suppose 5*l - l - q = i, 0 = c*l + 3*q - 113. What is the highest common factor of 5 and l?
5
Suppose 0 = 4*i + 5*m - 116, 3*m - 39 = -2*i + 21. Suppose 5*o = -z + 5*z + 26, 2*z = -3*o + 20. What is the highest common factor of i and o?
6
Suppose 3*l + 60 = 7*l. Suppose 0 = 3*s + w - 401, s + w = 144 - 13. Calculate the highest common divisor of s and l.
15
Let w(v) = v - 2. Let d be w(6). Suppose -21 = -d*b - 5. Let q be (b/5)/(6/225). Calculate the highest common factor of q and 12.
6
Suppose -3*g + 0 = -15. Suppose -g*v - 3*y = -152, -v - 14 = 5*y - 62. Calculate the highest common factor of v and 308.
28
Suppose -317 = -5*j + 43. Let t(o) = o**3 - 5*o**2 + 2*o - 1. Let i be t(5). Calculate the highest common factor of j and i.
9
Let k be (-2 - 3) + (8 - -1). What is the greatest common factor of 44 and k?
4
Let i(h) = h**2 - 7*h + 3. Let d be i(5). Let c(z) = 2*z + 10. Let a be c(d). Let m be (-3)/4*(a - 4). What is the greatest common divisor of m and 4?
2
Suppose 18 = -5*b + 38. Calculate the greatest common factor of b and 4.
4
Let j = -15 - -72. What is the highest common factor of 38 and j?
19
Let s(l) = 3*l - 13. Let h be s(9). Suppose h + 61 = 5*z. Let b be (1/(-1) + 3)*3. What is the highest common factor of b and z?
3
Suppose -4*w + 17 + 35 = 4*j, 0 = -3*j + 2*w + 44. Suppose 0 = i + 5*o - 9, 1 = -3*o - 2. What is the highest common divisor of j and i?
14
Let t(k) = 2*k + 5. Let r be t(0). Suppose r*v - 36 = 24. Calculate the greatest common divisor of 132 and v.
12
Let b = 195 - 115. Let v(p) = p**2 + 2*p - 4. Let z be v(4). Calculate the highest common factor of z and b.
20
Let t = -20 - -24. Suppose 6 = 4*y + 2, -36 = -4*l + t*y. What is the highest common divisor of 110 and l?
10
Suppose 3*o - 18 = -2*s, 0*o - 2*s - 6 = -o. Let l(z) = -5*z - 24. Let p be l(-6). Calculate the highest common factor of p and o.
6
Let h = 25 + -13. What is the highest common divisor of h and 30?
6
Suppose 5*d + 5 = -0, 0 = 2*v - 5*d - 13. Calculate the highest common divisor of v and 12.
4
Let f = 16 - 3. Calculate the greatest common divisor of 26 and f.
13
Suppose 21*g + 260 = 26*g. What is the greatest common divisor of g and 13?
13
Let u(o) = -o + 8. Let h be u(4). Suppose 9 = -0*b - 3*b, h*p = -4*b - 8. Suppose -n = -9 + p. Calculate the greatest common divisor of 2 and n.
2
Suppose 9*a - 4*a = 20. Let p be (-2 - (-6)/a)*0. Suppose -3*m - 2*m + 65 = p. What is the highest common factor of 143 and m?
13
Suppose -3*n - v = -17, -3*n + 9 - 4 = -5*v. Let c be ((-33)/n)/(3/(-45)). Calculate the highest common divisor of c and 9.
9
Suppose 10*g = 9*g + 2. Let l be (0/2 - -4) + -1. Calculate the highest common divisor of l and g.
1
Suppose -3*o - 3*l + 372 = 0, 5*o - 2*l = 2*l + 656. Let s be 122/8 + (6/(-8))/(-1). Calculate the highest common factor of o and s.
16
Let h(d) = -2*d**3 - d**2 - 2*d - 5. Let y be h(-3). Calculate the greatest common factor of y and 92.
46
Let h(m) = -12*m - 45. Let k be h(-7). Calculate the greatest common factor of k and 65.
13
Let i = 54 - 28. Calculate the highest common divisor of i and 234.
26
Suppose d = -5*s, 3*s + 12 = 2*d - 1. Calculate the highest common factor of 5 and d.
5
Let y be (-1)/(-1 + 12/